3/(-6). Suppose q - p = -3*q. Let v(d) = -d**3 + 7*d**2 + 2*d - 9. Let o be v(7). What is the greatest common factor of o and q?
5
Let n(p) = -p + 11. Let q be n(5). Calculate the greatest common factor of q and 2.
2
Let u be (-2)/3 + (-84)/(-18). Suppose -u*n + 3*w - 1 + 41 = 0, 5*n = 5*w + 55. What is the greatest common divisor of n and 77?
7
Let q = -10 - -16. Suppose -177 = -k - 2*x, 11*x - q*x + 498 = 3*k. What is the greatest common divisor of 19 and k?
19
Let t = -164 - -191. Calculate the greatest common divisor of 18 and t.
9
Let d = 8 - 1. Let x be ((-9)/(-2))/(1/14). What is the greatest common factor of d and x?
7
Suppose -5*k = -2*k - 6. What is the highest common divisor of k and 2?
2
Let s be 1/(-2)*-2*12. Suppose -8 = -4*d - 0. Let i be (-2 - -6)/2 + d. What is the greatest common factor of s and i?
4
Let i = 2 + -1. Let h be 5/(24/21 - i). Calculate the greatest common factor of 5 and h.
5
Suppose -2*o + 2*d + 11766 = 0, 0*d - 29419 = -5*o + 3*d. Suppose 4*c + 1275 = -o. Let k be c/(-25) - (-4)/10. Calculate the highest common divisor of 8 and k.
8
Let p = -18 - -7. Let o = 19 + p. Suppose -8 = 3*y - 32. Calculate the greatest common divisor of y and o.
8
Suppose 10 + 15 = 5*m. Suppose m*v + 36 = 3*x + 258, 5*v - 4*x = 221. What is the greatest common factor of v and 18?
9
Let r(s) = s**2 + s - 4. Let w be r(4). Let f(a) = -3*a - 2. Let q be f(-6). Calculate the highest common divisor of q and w.
16
Let t = -6 + 30. Let n = -83 - t. Let r = n + 227. Calculate the highest common divisor of 15 and r.
15
Let s(u) = -u. Let k(g) = g**2 + 10*g + 6. Let c(r) = k(r) + 4*s(r). Let d be c(-7). Suppose -2*m - 5 = -d. What is the highest common factor of 44 and m?
4
Let s(f) = 42*f**2 - 3. Let o be s(-2). What is the highest common divisor of 30 and o?
15
Suppose -5*w = 3*n - 34, 0 = n + n - 2*w + 4. What is the highest common factor of n and 3?
3
Let o(j) = j**2 + 10*j + 13. Let n be o(-9). Let a = -2 + n. Suppose -a*q = 4*u - 166, -3*u - 3*q = -11 - 106. What is the greatest common divisor of u and 66?
22
Suppose 7*y - 14 - 14 = 0. Calculate the greatest common factor of y and 4.
4
Let o(l) = l**3 - 5*l**2 + 3*l + 4. Let p be o(3). Let r(y) = -2*y + 2. Let h be r(p). What is the greatest common factor of 24 and h?
12
Let w(y) = y + 21. Let p be w(-8). Calculate the greatest common factor of 52 and p.
13
Let f be (0 - 1) + 15*3. Suppose -3*n + 92 = -238. What is the greatest common divisor of f and n?
22
Let p be 52/3*(-6)/(-4). Calculate the greatest common divisor of 39 and p.
13
Suppose 11 = 3*w - 2*k, 3 - 11 = -4*w + 4*k. Suppose -5*t - 7 = -2, 2*b - 19 = -3*t. Suppose -6*i + w*i - b = 0. What is the greatest common factor of i and 1?
1
Suppose 0 = 3*o + 7 - 1. Let c be (2*o)/((-10)/(-55)). Let s be c/(-8) + (-9)/12. Calculate the greatest common factor of s and 14.
2
Let q(d) be the first derivative of d**2/2 + 8*d + 5. Let p be q(3). What is the highest common factor of 99 and p?
11
Let a be (-19 - -1)*8/(-3). Let u(h) = 14*h - 2. Let g be u(1). Calculate the greatest common factor of a and g.
12
Let a be 13 + (0 - -1)*-2. Let j = a + 0. What is the highest common factor of 44 and j?
11
Let v(w) = w**3 + 5*w**2 - 4*w - 5. Let y be v(-5). What is the highest common factor of y and 15?
15
Let g(k) = -k**3 + 3*k**2 + k - 3. Let n be g(3). Suppose n = 4*v - 266 + 46. What is the highest common divisor of v and 11?
11
Let u be (-6)/9*1*-36. Calculate the highest common divisor of u and 6.
6
Let y be 2 - (-2 + 1) - -1. Suppose 4*c - 7*c = 0, -480 = -y*j + 2*c. Suppose -z + j = z. What is the greatest common factor of z and 15?
15
Let o = -30 + 17. Let r = -7 - o. Suppose 0 = -g + 5*g - 36. What is the highest common divisor of g and r?
3
Suppose 3*b = -o + 271 + 44, -b + 105 = 2*o. Suppose 2*g - 5*g - 5*z = -b, 0 = -3*g + z + 105. Calculate the greatest common factor of 5 and g.
5
Let z = -1 + 5. Suppose -z*t - 3*o = -90, -4*t = o - 0*o - 94. Calculate the greatest common factor of 36 and t.
12
Suppose 3*s + 8 = 2*b, 0*s - 14 = 4*s - 2*b. Let k = s + 6. Suppose k*p - 5*p = 5*x - 25, -4*x - p + 26 = 0. What is the greatest common factor of 21 and x?
7
Let z be ((-142)/4)/((-1)/2). Suppose -2*q = -4*v - 182, 0*q + 2*v - z = -q. Let m = q - -18. What is the highest common divisor of 11 and m?
11
Let y = -5 - -7. Suppose 0 = -y*x + 2*d + 30, 5*x - d = d + 81. Suppose -3*w + 28 + x = 0. Calculate the highest common factor of 3 and w.
3
Suppose 3*f = u - 93, -3*u + 197 = -u + 5*f. What is the greatest common divisor of 12 and u?
12
Let u be 11 + -4 + (-4)/(-1). Calculate the highest common factor of u and 99.
11
Suppose v + v - 2 = 0. Suppose 0 = -b - v. Let n be -1*(-2 - (b - -29)). Calculate the highest common factor of n and 75.
15
Let z = 90 - 60. Calculate the greatest common divisor of 240 and z.
30
Suppose 7*u - 351 = -71. What is the greatest common divisor of u and 10?
10
Let b be 15/(-10)*56/(-6). Let a be 3/2*40/12. Let y be 6*(105/6)/a. What is the highest common factor of y and b?
7
Let t = 65 + -32. Let b be (22 + 0)*3/3. What is the highest common divisor of b and t?
11
Let f(c) = -14*c. Let v = 0 + -1. Let n be f(v). Let q = 18 + -11. What is the highest common divisor of n and q?
7
Let t be (-3 - 81/(-3)) + -3. Let x = 76 - 13. Calculate the greatest common factor of t and x.
21
Suppose 2*s - 12 = -2. Suppose -95 = s*k + 5*m + 30, 2*m + 4 = 0. Let d = 41 + k. What is the greatest common divisor of 18 and d?
18
Let k = -13 - -18. What is the highest common divisor of 15 and k?
5
Suppose -13 = -h + 3*s, -h - 4*s - 28 = -5*h. Let p(y) = 4 + 0 + 5*y - 6. Let w be p(h). What is the highest common factor of w and 45?
9
Suppose -y + 10 = 1. What is the highest common factor of y and 36?
9
Suppose -26 = -2*c + 134. Suppose 3*r = -r + c. Calculate the highest common factor of 2 and r.
2
Suppose 7*z = 5*z - 20. Let v = 2 - z. What is the greatest common factor of v and 4?
4
Let j(c) = -54*c. Let u be j(-1). Let g be 11 - (0 - 3 - -4). Suppose -5*r + 0 = 5*l - g, -4*l = -2*r + 28. What is the highest common factor of r and u?
6
Let v be 6/(-2)*(-4)/6. Suppose 5*h - 2*t - 429 = 334, -457 = -3*h + v*t. What is the highest common divisor of h and 17?
17
Let f = -5 + 3. Let j(k) = -12*k**3 - 2*k**2 + k + 2. Let w be j(f). Let a be 3/(-9) + (-68)/(-6). Calculate the greatest common divisor of w and a.
11
Suppose 98 = 3*x - 4*n, -2*x + 2*n + 37 = 5*n. What is the greatest common divisor of 234 and x?
26
Let m(x) = x**3 + x**2 + 7. Let n be m(0). Suppose -3*t + 8 + n = 0. What is the highest common divisor of t and 25?
5
Let x = 44 + -19. Suppose 3*k - 2*w + 17 = -0*w, -w - 41 = 4*k. Let f be 0 + 0 - (k + -1). Calculate the greatest common factor of f and x.
5
Suppose 21*y - 273 = 18*y. Calculate the highest common factor of y and 13.
13
Let m be 2/(-5) + 248/20. Let u be 3/m - (-54)/8. What is the greatest common divisor of 14 and u?
7
Let f(l) = 2*l**3 - 7*l**2 + 5*l - 4. Let d be f(5). Suppose 6*v - 8*v = -d. Calculate the highest common factor of v and 6.
6
Let m(f) = f**3 - f**2 + f + 3. Let b be m(0). Suppose b*v - 160 = -g - 55, -25 = 5*v. Let t = 17 - 2. What is the greatest common divisor of g and t?
15
Let j be 14 - -2 - (-1 + 0). Let g(u) = -u**3 - u**2 + 6*u + 9. Let y be 58/(-10) - (-2)/(-10). Let f be g(y). What is the greatest common factor of j and f?
17
Let g = 10 + -1. Let q be (-9)/(1 - -2) - -6. Suppose 5*j + 6*u - 2*u = 135, -q*j + 4*u + 81 = 0. Calculate the highest common factor of g and j.
9
Let h = 43 + -5. Suppose 7*w = 8*w - 57. What is the highest common factor of w and h?
19
Suppose -24 = -7*r + 18. Calculate the highest common divisor of 18 and r.
6
Suppose 2*n + 5 = 3*n. Suppose 2*m - 3 = n*m. Let q = m + 2. What is the greatest common divisor of 9 and q?
1
Suppose -1 = -n + 4. Calculate the highest common factor of 35 and n.
5
Suppose 134 = 13*i - 35. Let v(x) = 10*x + 2. Let j be v(5). What is the greatest common divisor of j and i?
13
Let j = 14 - -52. Calculate the greatest common factor of 11 and j.
11
Let l = -10 - -13. Suppose -s - 14 = -r, l*s - 38 = -4*r + s. What is the greatest common factor of 1 and r?
1
Suppose 0*r + 198 = 11*r. What is the highest common divisor of r and 30?
6
Suppose -14*f = 